et v(x) = x + 2. Let y be v(4). Let r(h) = h + 5*h**3 - 7*h - 6*h**3 - y*h**2. Give r(a).
5
Let c(r) = 16*r**3 - 31*r**2 - 20*r + 4. Let j(b) = -3*b**3 + 6*b**2 + 4*b - 1. Let t(w) = 2*c(w) + 11*j(w). Give t(5).
-8
Let u(v) = -6*v + 3. Let x(c) = c + 12. Let a be x(-7). Suppose 3*g + 3*d + 4 = d, a*g + 10 = -4*d. What is u(g)?
-9
Let n = -45 + 45. Let s(q) = 0 + 54*q - q**2 - 50*q + 2 + n. Calculate s(5).
-3
Let w(m) = 2*m**3 - 2*m**2 + m. Let f be 25/20 - (-10)/(-8). Let q = 1 - f. Calculate w(q).
1
Let r(v) be the third derivative of -16*v**2 + 2*v**3 + 1/120*v**6 + 0*v - 3/20*v**5 + 0 - 1/12*v**4. Calculate r(9).
-6
Suppose 2*o + b + 2*b = -6, -2*o + 3*b + 18 = 0. Let h = 1 - o. Let q be (-1)/6*h*9. Let c(i) = -5*i + 4. Calculate c(q).
-11
Let y(k) = -5*k + 13. Let s(d) = -6*d + 14. Let m(i) = 6*s(i) - 7*y(i). Suppose 0*r = -3*v - 4*r + 14, -2*v = -r + 9. Let c be v/9 + 728/117. Determine m(c).
-13
Let x be 2/(-8)*(240/(-5))/4. Let q(r) = 4*r. Calculate q(x).
12
Let r(o) = -o**2 - 3*o + 3. Let j = -124 + 126. Determine r(j).
-7
Let c(h) = 5*h**2 - 31*h - 11. Let g(w) = -3*w**2 + 20*w + 7. Let f(z) = -5*c(z) - 8*g(z). Determine f(-9).
-37
Let d(n) = 4*n**3 + 5*n**2 + 22*n - 16. Let q(c) = c**3 + 2*c**2 + 7*c - 5. Let w(l) = 11*l - 81. Let x be w(8). Let t(y) = x*q(y) - 2*d(y). Give t(5).
-3
Let s(k) = -136*k + 269*k - 134*k. What is s(5)?
-5
Suppose c - 233 = 40. Suppose c + 367 = 5*s. Let d(w) = -129*w**2 - w - 5*w - 8 + s*w**2. Determine d(-6).
-8
Let s = 19 - 18. Let g(v) = 0 + s - 3 + v. Suppose 2*o = -3*a - 12, 5*o - 5*a + a = -30. Calculate g(o).
-8
Let w(q) = q**3 + 3*q**2 + 2*q + 3. Suppose u = 5*m, -2*u - 5 = -3*m + 2. Let n be m + -3 - (-1 + -5). Let j be (-7)/1 - (-6 + n). Determine w(j).
-3
Let n(b) be the third derivative of b**6/120 - b**5/15 + b**4/24 - 2*b**3/3 + 84*b**2 - 2*b. Determine n(4).
0
Suppose -4*v = -5*v - 1. Let l be v/((-1)/4)*1. Suppose l*a = 3*q - 5, -4*q = -6*a + 2*a - 8. Let f(m) = m**3 - 2*m**2 - 5*m + 3. Determine f(q).
-3
Let y(x) = 5 - 15*x + x + 5*x**3 + 15*x - 4 - 2*x**2. What is y(-2)?
-49
Let f(n) = 3*n**2 + 8*n + 6. Let u = 1171 - 1176. Determine f(u).
41
Let f(m) = -3*m**3 - 7*m**2 - 5*m. Let z be f(-2). Let r(c) = -c**2 + 3*c + 13. Give r(z).
-5
Suppose -229 = -3*k + s, -4*s = -4*k + k + 232. Let d be k/13 + (-14)/(-91). Let v(r) = -r**2 + 4*r + 2. Give v(d).
-10
Let b(z) be the first derivative of -z**3/3 + 13*z**2/2 - 33*z + 42. Calculate b(10).
-3
Let j(x) = -2*x + 18. Suppose -4*f + 62 = 114. Determine j(f).
44
Suppose -2*s - 1 = -2*p - 5, 3*p + s - 14 = 0. Let f(x) = 2*x - 21. Let u(y) = y - 12. Let r be 2*2 - (13 + -14). Let k(a) = r*u(a) - 3*f(a). Give k(p).
0
Let s(f) = -f**3 + 5*f**2 + 2*f + 22. Suppose 12*l + 697 = 769. Determine s(l).
-2
Let d be (3/(-2))/(10/(-60)). Let y(c) = 6*c + 9 - d - 10. Let i(l) = 17*l - 29. Let b(o) = -3*i(o) + 8*y(o). Determine b(6).
-11
Let z(u) = 0*u**2 + 2*u**2 + 2 + 7*u + 3. Let x(t) = 3*t + 2. Suppose -2 = k + 4*p, -4*p = -0*k + 5*k + 10. Let a be x(k). Calculate z(a).
9
Let s(y) = y**3 - 2*y**2 - 2*y + 3. Let i(q) = 4 + q + 3 + 3 + 8. Let d be i(-14). Suppose 0 = -d*x + 24 - 12. What is s(x)?
6
Let g(d) = -2*d + 12. Let q be (-2)/8 - ((-15)/(-20) + -5). Suppose -5*x = q*f - 27 - 33, 3*x - 12 = 0. Calculate g(f).
-8
Suppose -1 = -2*y + 3. Let o be y/(-6) - (2 + (-22)/(-6)). Let p(q) = 3*q - 2. Let t(a) = a - 1. Let n(h) = 2*p(h) - 5*t(h). Calculate n(o).
-5
Let c(f) = 3*f - 1. Let t = -537 + 537. Determine c(t).
-1
Let h(f) be the second derivative of 2/3*f**3 + 1/12*f**4 + 0 - 4*f**2 + 6*f. Let m(x) = x**2 + 3*x - 7. Let g(u) = -5*h(u) + 6*m(u). What is g(3)?
1
Let w(d) be the second derivative of -d**4/12 - 7*d**3/6 - 2*d**2 - 337*d. Suppose -2*p = -p - 7. Suppose p + 8 = -5*i. What is w(i)?
8
Let u(a) = -4*a + 6. Let r(j) = j**3 + 3*j**2 + 7 + 8*j + 3*j**2 - 5. Let v be r(-3). Determine u(v).
-14
Suppose 5*x = 17*x + 936. Let c = x - -71. Let u(d) = d**3 + 6*d**2 - 11*d - 8. Give u(c).
20
Let g(w) = -w - 2. Let v(t) = -t - 1. Let k(b) = 3*g(b) - 2*v(b). Give k(4).
-8
Let j(r) = 3*r**2 - 3*r + 5. Let n(c) = 5*c**2 - 8*c + 10. Let f(y) = -7*j(y) + 4*n(y). Determine f(-11).
5
Let i(a) be the first derivative of a**4/4 - 5*a**3/3 + 3*a**2/2 - 3*a + 19. Let n be i(4). Let p(q) = q**2 + 7*q + 2. Determine p(n).
2
Let r(w) be the third derivative of -17*w**6/120 + w**5/60 + w**4/24 + w**3/6 + 28*w**2 + 2. Calculate r(-1).
18
Let j(i) = -i**2 + 8*i + 1. Let c(m) = -7*m - 4. Let f(h) = -41*h - 23. Let v(u) = 34*c(u) - 6*f(u). Let p(o) = -2*j(o) + 3*v(o). Calculate p(-5).
14
Let b(t) = 3*t**2 + 0*t + t + 2 + 0*t. Let m(r) be the second derivative of -r**4/6 - r**3/3 - 3*r**2/2 + 2*r - 39. Let v(g) = 3*b(g) + 2*m(g). Calculate v(-1).
6
Let a(p) = -3*p**3 - p**2 + 4*p - 5. Let y(u) = 2*u**3 - 2*u + 3. Let j(l) = 3*a(l) + 5*y(l). Calculate j(3).
6
Let l(m) = -4*m - 2. Suppose -4*s + 46 = 2*f, 0*s - s + 3*f + 15 = 0. Suppose 6*q + s = 2*q. Calculate l(q).
10
Let x(b) be the first derivative of 2*b**3/3 - b**2 - 8*b - 995. Give x(4).
16
Let u(s) = s + 3. Suppose -b - 5*r = -7, 0 = -3*r + r. Let g be (20/b)/(2/7). Let j = g - 13. Calculate u(j).
0
Let y = -3 + 1. Let n(c) = -c**2 - c - 1. Let f be n(y). Let m(g) = -104 - g**2 - 4*g + 54 + 51. What is m(f)?
4
Suppose o + q + 2 = 8, o - 5*q + 12 = 0. Let c(t) = 4*t + 2 - t - 3*t**2 + 4*t - 4*t. What is c(o)?
-16
Suppose 0*r = 3*r - 16*r. Suppose 15*o - 24*o - 9 = r. Let u(g) = -7*g**3 + 2*g**2 + g. Give u(o).
8
Let q(g) = -2*g + 32. Let w be q(15). Let u(h) = -974*h + 973*h + w*h**2 + 2*h**2 + 2*h**2. Give u(1).
5
Suppose -t + 30 = 3*r, -4*r + 10 = -3*r - t. Let w(x) be the first derivative of 7/4*x**4 + r + 1/3*x**3 + 0*x**2 - x. Give w(1).
7
Suppose 5*u - 43 = -3*c, -2*u - 10 = -5*c + 2*u. Let q(i) = -i**3 + 8*i**2 - 9*i + 5. Determine q(c).
23
Let i(n) = -n**2 + 9*n - 11. Let q(a) = 3*a**2 - 26*a + 32. Let v(m) = -11*i(m) - 4*q(m). What is v(5)?
-7
Suppose -138 = 20*o + 2. Let h(q) = -4*q + 2. What is h(o)?
30
Let d be -2 + 528/52 + (-2)/13. Let n be 16/4*(-2)/d. Let g(s) = -10*s**3 + s + 1. Determine g(n).
10
Let d(v) = -7*v**3 - 24*v**2 - 17. Let t(o) = -4*o**3 - 13*o**2 + o - 10. Let l(j) = 3*d(j) - 5*t(j). Give l(-6).
-7
Let b be (14 + -8)/((-6)/(-4)). Let s(x) = -2*x + 12. Calculate s(b).
4
Suppose 0 = y + 5 - 1. Let j be (-4)/8 - 74/y. Let u(m) = 0 - 1 + 14*m - m**2 - j*m. Give u(-3).
2
Let j(k) be the third derivative of -2/3*k**3 - 1/12*k**5 + 0*k + 1/120*k**6 + 0 - 1/8*k**4 + 26*k**2. Calculate j(6).
14
Let z be 4/(-10)*175/(-7). Suppose -4*o + z = 2. Let f(t) = -o*t + 1 - t + 3 - 2*t. Determine f(3).
-11
Let d(l) = 11*l**2 - 6*l + 23. Let m(r) = -2*r**2 - r - 5. Let q(p) = -d(p) - 6*m(p). Give q(-5).
-28
Suppose -4*t - 3*y - 5 = -11, 3*y = 5*t + 6. Let c = 6 + -5. Let b(m) = m + t + 2 - 3 - c. Calculate b(2).
0
Suppose -20 = -13*b + 8*b. Let o(i) = 4*i + 3 + i + 7*i**2 + b*i - i**3 - 10. Give o(8).
1
Let k(a) be the first derivative of a**3/3 - 9*a**2/2 + 4*a + 1. Let r be k(8). Let g(z) be the first derivative of -2*z**3/3 - 7*z**2/2 - 4*z - 123. Give g(r).
-8
Let h = -17 - -14. Let o be h - (-2 - (-20)/4). Let s(y) = y. Determine s(o).
-6
Let h(o) = -2*o**2 - 7*o + 1. Suppose -4*y - q - 15 = -0*q, -24 = 4*y + 4*q. What is h(y)?
4
Let v(s) = s. Suppose -2*h + 20 = 2*h. Let l be v(h). Let o(f) = l*f + 0 - 2*f + 2 - 4*f. Calculate o(-2).
4
Let n = 100 + -109. Let t(k) = 15*k**2 + 1. Let x(m) = 61*m**2 + m + 5. Let f(j) = n*t(j) + 2*x(j). What is f(-1)?
-14
Let g(h) = -h + h + h + 3. Let k = -51 + 59. Let p be (-1 - -2)/((-2)/k) + 0. Determine g(p).
-1
Let c(o) = o - 3*o - 3289 + 3288 + 2*o**2. Calculate c(2).
3
Let c(h) be the third derivative of -h**5/60 + h**4/24 + 5*h**3/3 - 4*h**2. Suppose 27*l = 25*l - 47*l. Calculate c(l).
10
Let t be (2/(-11))/(-1) + 36/44. Let c be 3 - t - (-3)/((-3)/4). Let q(a) = -a**2 - 5*a - 3. What is q(c)?
3
Let s(u) = 5*u + 0 + 2*u - u**2 - 15*u + 2 + 11*u. Give s(4).
-2
Let q(y) be the first derivative of y**3/3 - 4*y**2 + 9*y - 98. Suppose 3*t = l - 1, 31 = 5*l - 3*t + t. What is q(l)?
2
Let k(b) = -b. Let v(z) = 8*z + 17. Let y(x) = 5*k(x) + v(x). What is y(-8)?
-7
Let m(f) = f**2 - 1. Let j(i) = i**3 + 5*i**2 + i - 3. Let s be (5/10)/((-2)/28). Let g be (-168)/16*4/s.